et j = z + 7. Suppose 3*n + 13 - 463 = j. Calculate the highest common divisor of 30 and n.
30
Let c be -54 + 4/16*-4. Let p be ((-737)/c - 7)*30/2. Calculate the highest common factor of p and 18.
6
Let h(u) = -252*u**3 - 56*u**2 - 100*u + 9. Let y be h(-2). What is the greatest common factor of 1653 and y?
87
Let m = -32 + 74. Suppose -j = 5*n - 91, j - 3*j + 56 = 3*n. Let r be 9/n - (-2)/4*139. Calculate the greatest common factor of m and r.
14
Let q(v) = -7*v + 5. Let r be q(-5). Let i be (4*(-2 - 0))/(6/(-21)). Let c = r - i. Calculate the greatest common factor of c and 20.
4
Let i(y) = -y**3 + 6*y**2 - 4*y - 1. Let f be i(4). Let c be (-1 - 4 - -4)/(3/f). Let q be (-20)/25*-1*(0 - c). What is the highest common factor of 28 and q?
4
Let h be (-4 + -13*3/(-3))/1. Suppose 830 = 4*z - 2*v, -8*v - 1048 = -5*z - h*v. Calculate the greatest common divisor of z and 19.
19
Let g = -2157 - -2169. Suppose -5*o = -w + 469, 5*w = -4*o + o + 2205. What is the highest common divisor of g and w?
12
Suppose -2*c = -4*i - 40, i - 40 = -5*c + 27. Suppose 0 = c*f + 9 - 401. What is the greatest common factor of 28 and f?
28
Let r = 427 + -515. Let l be 14/(-77) + (-1952)/r. Calculate the greatest common factor of l and 946.
22
Let u = 255 + -224. Suppose 105 = u*b - 28*b. What is the highest common factor of 20 and b?
5
Let g be (44/(-14)*-5)/(121771/(-5075) + 24). Calculate the greatest common divisor of g and 1210.
110
Let t be 1 + (-1 - -23) + 1. Suppose -b = -11*s + 12*s - 154, 4*b + 2*s - 620 = 0. What is the greatest common divisor of t and b?
12
Suppose -784 = -4*w - 2*q + 7*q, 2*w - 4*q = 392. Let v be (18/(-4))/((-117)/3822). Calculate the highest common factor of v and w.
49
Suppose -22*m - 2*w = -26*m + 68, m + 5*w - 50 = 0. What is the greatest common divisor of m and 382?
2
Let s be 1 + (-3)/(6 - 3 - 4). Suppose s*k + d = 3*d + 234, 5*d = -2*k + 87. Let v = k + 24. What is the greatest common divisor of v and 16?
16
Let s be (1 + -7 + 3)*-2. What is the greatest common divisor of s and 1398?
6
Let d = 221 - 171. Suppose -10*x = -12*x + 44. Let n = x + -2. Calculate the greatest common divisor of d and n.
10
Suppose -33 + 3 = -6*u. Suppose -z = 3*s, 2*s + 10 = z - u*z. What is the highest common divisor of 5 and s?
1
Suppose -7*p - 78 = -8*p - 2*f, -3*f = 2*p - 154. Suppose -p - 38 = -7*d. What is the greatest common factor of d and 304?
16
Suppose 0 = -2*q - 3*k + 7, 2*q - 3*q + 11 = -k. Let g be (20/(-8) + 6)*q. What is the highest common factor of g and 4?
4
Let j(m) = -m**3 + 20*m**2 + 33*m + 48. Let i be j(21). Suppose -17*v = -5*v - i. What is the greatest common divisor of 575 and v?
25
Let b = -156 - 93. Let a = -204 - b. What is the greatest common factor of a and 495?
45
Let i(o) = -89*o + 356. Let g be i(-14). Let s(c) = c**2 + 9. Let f be s(3). What is the greatest common divisor of f and g?
18
Let p = 661 + -589. Let z = 127 - 31. What is the highest common divisor of p and z?
24
Let v be ((-13104)/(-238) - 6) + (-2)/34. Calculate the highest common factor of v and 3283.
49
Suppose 84660 = 851*t - 1644*t + 827*t. What is the greatest common divisor of 180 and t?
30
Let r be ((-10)/30)/((-2)/18). Suppose 409 = r*u + 160. Let s = u - 79. Calculate the greatest common divisor of s and 2.
2
Let o(y) = -1. Let j(n) = 4*n + 32. Let g be (-10 - -9)/(1/1). Let r(t) = g*j(t) + 5*o(t). Let x be r(-11). Calculate the greatest common factor of x and 63.
7
Suppose -a = -7*n - 19, n - 37 = a - 50. Let i = -139 + 343. Calculate the greatest common divisor of a and i.
12
Let b be (-2480)/320*11*-8. What is the highest common divisor of 33 and b?
11
Suppose 80*t = 24*t + 1233 + 12207. Let y be 4/(-18) + 1732/18. What is the greatest common divisor of t and y?
48
Let m be (-16)/((-4)/2) - (-4 + 6). Let l(w) = 15*w**2 - 5*w + 2. Let x be l(4). What is the highest common factor of m and x?
6
Let v(w) = -146*w**3 - 2*w**2 - 43*w - 386. Let p be v(-8). Calculate the greatest common divisor of 178 and p.
178
Let w = -137 - -177. Suppose 0 = -10*j - 0*j + w. Suppose -20 - 20 = -j*q. Calculate the highest common divisor of 20 and q.
10
Suppose 164*k - 337829 + 91337 = 0. Calculate the greatest common divisor of k and 72.
9
Let v(o) = -66*o + 2. Let y be v(-4). Suppose -118*g + 2546 = -51*g. What is the highest common factor of g and y?
38
Let k(c) = c**3 - 3*c**2 - 8*c - 2. Let g be k(5). Suppose g*p - 11*p = -21. Suppose -8*t = -p*t - 3. Calculate the highest common divisor of t and 1.
1
Suppose 15*s - 5*o + 25 = 16*s, 3*s = 4*o + 18. Calculate the greatest common divisor of s and 1685.
5
Suppose n + q = 125, 2*n - 54*q = -59*q + 238. Calculate the greatest common factor of 1763 and n.
43
Suppose 4*u = 5*m + 641 + 654, 5*u - 4*m - 1630 = 0. Suppose 0 = -8*x + 3354 - u. What is the greatest common factor of x and 28?
14
Let i(h) = -4*h**2 - 2*h - 14. Let m be i(7). Let p = m + 250. Calculate the greatest common divisor of p and 403.
13
Suppose 0 = -284*t + 274*t + 3300. Let c = 340 - t. Let a(k) = 2*k**2 - 3*k. Let v be a(4). Calculate the greatest common divisor of c and v.
10
Let d(n) = 4*n - 4. Let l be d(3). Suppose 3*q + l*v - 912 = 11*v, q + 3*v = 320. What is the highest common divisor of 44 and q?
44
Let w = -24 + 23. Let t be 29/(-29) - 2*w/1. Let p = 9 + t. Calculate the highest common factor of 15 and p.
5
Let o(q) = q**3 + 2*q**2 - 2*q + 9. Let t be ((-2)/5)/(4/(-80)) - 1. Suppose -t*d + d = -d. Let f be o(d). What is the highest common divisor of f and 63?
9
Let j = -43492 - -74684. Calculate the greatest common divisor of j and 56.
56
Let v(y) = -y**2 - 10*y - 3. Let h be v(-12). Let s = h - -29. Suppose -s*i - 3*i = 2*u - 59, -4*u - i = -163. What is the greatest common divisor of 6 and u?
6
Let t(v) = -v**2 + 13*v - 13. Let l be t(4). Let a = l + 7. Let y(u) = -47*u - 49. Let i be y(-2). Calculate the highest common divisor of i and a.
15
Let n(d) = -9*d**3 + 36*d**2 + 2*d + 17. Let o be n(-9). What is the highest common divisor of o and 184?
92
Suppose -3*r + 11991 = -3*j, 122*r - 19967 = 117*r + 2*j. Calculate the greatest common factor of r and 52.
13
Let n be (14 + (-288)/60)*(-4 - -6*19). What is the highest common factor of 5819 and n?
253
Let j(a) = -24*a**3 + 2*a**2 - a - 7. Let t(g) = -g**3 + 3*g**2 + g - 5. Let h be t(3). Let y be j(h). Calculate the greatest common divisor of y and 78.
39
Let x be 477 - 14*(-4)/(-56). What is the greatest common factor of 4641 and x?
119
Let k(i) = -i**2 + 9*i - 8. Let j be k(7). Calculate the highest common divisor of 78 and j.
6
Let g(n) = 11*n + 7*n**2 + 5*n**2 - 13*n**2 + 44 - 16*n. Let c be g(-10). Let o = 0 - c. Calculate the greatest common divisor of 24 and o.
6
Suppose -4*h + 10*h - 24 = 0. Let g be 104/28 + h/14. Suppose 2*b + 4*v + 3 = 11, -b + 32 = -5*v. What is the greatest common divisor of b and g?
4
Let c = 69 + -67. Let s be (3/c)/(7/(28/3)). Let h be (1/(-1))/(s/4) - -16. What is the highest common factor of h and 112?
14
Let h(n) = 5*n - 4. Let r be h(7). Suppose 2*q - 3*s - r = 0, 5*q - 13 = -5*s + 2. Suppose -101 = -q*l + 187. Calculate the greatest common factor of l and 36.
36
Let h = -2359 + 2574. Calculate the greatest common divisor of 135 and h.
5
Let g(c) = 11*c**2 - 229*c - 4147. Let d be g(-17). Calculate the greatest common factor of d and 2025.
225
Let j = 453 - 300. Suppose -j = -3*v - 2*a, 0 = -2*v + 7*a - 12*a + 102. What is the greatest common divisor of v and 6?
3
Let r(k) = -16 - 19 - 8 - 2*k. Let u be r(-25). Calculate the highest common divisor of 6 and u.
1
Let x be -6 - (1 - (5 + (-4 - -5))). Let w be ((-10)/15)/((-385)/375 - x). What is the highest common divisor of 925 and w?
25
Let q(o) = o**3 - o**2 - 10*o + 14. Suppose 5*i = 5*t + 25, t + 2 - 5 = -i. Let n be q(i). What is the greatest common divisor of n and 44?
22
Suppose 12*s - 120 - 2496 = 0. Let j = s - 123. Let d be (-2)/4 - 154/(-4). Calculate the greatest common factor of j and d.
19
Let m(n) = -30*n - 138. Let v = 23 + -28. Let o be m(v). Suppose 2*p - 100 = -3*p. Calculate the greatest common factor of o and p.
4
Let t be (((-15)/(-10))/3)/((-2)/140). Let a be 75/12 + -6 - t/4. Calculate the greatest common divisor of 72 and a.
9
Suppose 0 = 4*d + 8, 3*k + 8*d - 668 = 3*d. Suppose 94